{"id":29,"date":"2018-06-10T12:33:54","date_gmt":"2018-06-10T09:33:54","guid":{"rendered":"http:\/\/studiolegale.xn--80afnba6ci.xn--90ae\/?page_id=29"},"modified":"2018-06-10T12:34:15","modified_gmt":"2018-06-10T09:34:15","slug":"diritto-reale","status":"publish","type":"page","link":"http:\/\/studiolegale.bg\/?page_id=29&lang=it","title":{"rendered":"Diritto reale"},"content":{"rendered":"<p>I nostri servizi:<\/p>\n<ul>\n<li>consulenza per l\u2019ordinamento giuridico in Bulgaria in materia di diritti reali \u2013 propriet\u00e0 di beni mobili e immobili, compropriet\u00e0, propriet\u00e0 condominiale, usufrutto, diritto di superficie, acquisizione del diritto di propriet\u00e0 per usucapione, perdita del diritto di propriet\u00e0, tutela del diritto di propriet\u00e0, divisione di beni immobili, ecc.;<\/li>\n<li>consulenza per ogni tipo di problematica inerente ai diritti reali;<\/li>\n<li>redazione di contratti preliminari e rogiti notarili di compravendita di beni immobili e costituzione di diritto di usufrutto su beni immobili;<\/li>\n<li>partecipazione in trattative e rappresentanza durante la stipula di contratti di vendita di beni mobili e immobili, locazione di beni immobili, costituzione di diritto di usufrutto su beni immobili, ecc.;<\/li>\n<li>partecipazione in trattative e rappresentanza per la divisione di beni mobili e immobili;<\/li>\n<li>assistenza e rappresentanza nei confronti degli organi amministrativi bulgari in merito a ogni tipo di rapporto inerente al diritto reale;<\/li>\n<li>verifiche catastali su beni immobili \u2013 diritti di terzi su beni immobili, accertamenti su presenza di gravami e oneri su beni immobili (ipoteche, contratti di locazione o altro);<\/li>\n<li>consulenza in merito ad accordi extragiudiziali per la risoluzione di controversie reali e rappresentanza durante la stipula di accordi extragiudiziali;<\/li>\n<li>rappresentanza in giudizio presso tribunali e corti arbitrali bulgari in merito a controversie reali (riguardanti propriet\u00e0 di beni mobili e immobili, divisioni, diritto di usufrutto, ipoteche, pegni, ecc.).<\/li>\n<\/ul>\n<p><em>Parole<\/em> <em>chiave<\/em><em>: <\/em><em>consulenza<\/em><em>, <\/em><em>diritto<\/em><em>, <\/em><em>propriet<\/em><em>\u00e0, <\/em><em>beni<\/em> <em>immobili<\/em><em>, <\/em><em>compropriet<\/em><em>\u00e0, <\/em><em>contratto<\/em> <em>preliminare<\/em><em>, <\/em><em>rogito<\/em> <em>notarile<\/em><em>, <\/em><em>propriet<\/em><em>\u00e0 <\/em><em>condominiale<\/em><em>, <\/em><em>diritto<\/em> <em>di<\/em> <em>usufrutto<\/em><em>, <\/em><em>diritto<\/em> <em>di<\/em> <em>superficie<\/em><em>, <\/em><em>possesso<\/em><em>, <\/em><em>usucapione<\/em><em>, <\/em><em>tutela<\/em> <em>della<\/em> <em>propriet<\/em><em>\u00e0, <\/em><em>divisione<\/em><em>, <\/em><em>causa<\/em><\/p>\n","protected":false},"excerpt":{"rendered":"<p>I nostri servizi: consulenza per l\u2019ordinamento giuridico in Bulgaria in materia di diritti reali \u2013 propriet\u00e0 di beni mobili e immobili, compropriet\u00e0, propriet\u00e0 condominiale, usufrutto, diritto di superficie, acquisizione del diritto di propriet\u00e0 per usucapione, perdita del diritto di propriet\u00e0, tutela del diritto di propriet\u00e0, divisione di beni immobili, ecc.; consulenza per ogni tipo di [&hellip;]<\/p>\n","protected":false},"author":1,"featured_media":0,"parent":0,"menu_order":0,"comment_status":"closed","ping_status":"closed","template":"","meta":{"_et_pb_use_builder":"","_et_pb_old_content":"","_et_gb_content_width":"","footnotes":""},"class_list":["post-29","page","type-page","status-publish","hentry"],"_links":{"self":[{"href":"http:\/\/studiolegale.bg\/index.php?rest_route=\/wp\/v2\/pages\/29","targetHints":{"allow":["GET"]}}],"collection":[{"href":"http:\/\/studiolegale.bg\/index.php?rest_route=\/wp\/v2\/pages"}],"about":[{"href":"http:\/\/studiolegale.bg\/index.php?rest_route=\/wp\/v2\/types\/page"}],"author":[{"embeddable":true,"href":"http:\/\/studiolegale.bg\/index.php?rest_route=\/wp\/v2\/users\/1"}],"replies":[{"embeddable":true,"href":"http:\/\/studiolegale.bg\/index.php?rest_route=%2Fwp%2Fv2%2Fcomments&post=29"}],"version-history":[{"count":1,"href":"http:\/\/studiolegale.bg\/index.php?rest_route=\/wp\/v2\/pages\/29\/revisions"}],"predecessor-version":[{"id":30,"href":"http:\/\/studiolegale.bg\/index.php?rest_route=\/wp\/v2\/pages\/29\/revisions\/30"}],"wp:attachment":[{"href":"http:\/\/studiolegale.bg\/index.php?rest_route=%2Fwp%2Fv2%2Fmedia&parent=29"}],"curies":[{"name":"wp","href":"https:\/\/api.w.org\/{rel}","templated":true}]}}