{"id":25,"date":"2018-06-10T12:31:16","date_gmt":"2018-06-10T09:31:16","guid":{"rendered":"http:\/\/studiolegale.xn--80afnba6ci.xn--90ae\/?page_id=25"},"modified":"2018-06-10T12:31:16","modified_gmt":"2018-06-10T09:31:16","slug":"diritto-commerciale","status":"publish","type":"page","link":"http:\/\/studiolegale.bg\/?page_id=25&lang=it","title":{"rendered":"Diritto commerciale"},"content":{"rendered":"<p>I nostri servizi:<\/p>\n<ul>\n<li>consulenza per apertura e sviluppo di affari in Bulgaria con individuazione della forma giuridica pi\u00f9 appropriata;<\/li>\n<li>consulenza per l\u2019ordinamento giuridico in Bulgaria in materia di investimenti stranieri;<\/li>\n<li>costituzione di ogni tipo di societ\u00e0 commerciale di diritto bulgaro, con partecipazione bulgara e straniera (societ\u00e0 a responsabilit\u00e0 limitata, societ\u00e0 per azioni, ecc.);<\/li>\n<li>consulenza per la gestione di societ\u00e0 commerciali, i rapporti tra i soci, ;<\/li>\n<li>espletamento pratiche per cambiamenti in socie\u00e0 commerciali (cambiamenti del capitale, dei soci, della gestione, trasferimento di quote, transazioni con societ\u00e0 commerciali e altro);<\/li>\n<li>trasformazione di societ\u00e0 commerciali \u2013 fusione, fusione mediante incorporazione, scissione totale o parziale, cambiamento della forma giuridica;<\/li>\n<li>consulenza per procedure di insolvenza, rappresentanza legale in procedure di insolvenza;<\/li>\n<li>consulenza per transazioni commerciali (vendita, affitto, permuta, locazione, contratti di donazione, leasing, prestito, contratti di commissione, contratti in conto vendita, contratti di spedizione, di trasporto, contratti di rappresentanza commerciale, di distribuzione, contratto di mediazione commerciale, contratti di management, ecc.);<\/li>\n<li>redazione di ogni tipo di contratto commerciale;<\/li>\n<li>partecipazione in trattative e rappresentanza per stipula di contratti commerciali;<\/li>\n<li>assistenza e rappresentanza nei confronti degli organi amministrativi bulgari in merito a ogni tipo di attivit\u00e0 commerciale;<\/li>\n<li>consulenza in merito ad accordi extragiudiziali per la risoluzione di controversie commerciali e rappresentanza durante la stipula di accordi extragiudiziali.<\/li>\n<li>rappresentanza in giudizio presso tribunali e corti arbitrali bulgari in merito a controversie su transazioni commerciali, societ\u00e0 commerciali, ecc.<\/li>\n<\/ul>\n<p><em>Parole<\/em> <em>chiave<\/em><em>: <\/em><em>consulenze<\/em><em>, <\/em><em>affari<\/em> <em>in<\/em> <em>Bulgaria<\/em><em>, <\/em><em>investimenti<\/em> <em>stranieri<\/em><em>, <\/em><em>societ<\/em><em>\u00e0 <\/em><em>commerciali<\/em><em>, <\/em><em>societ<\/em><em>\u00e0, <\/em><em>soci<\/em><em>, <\/em><em>trattative<\/em><em>,<\/em> <em>rappresentanza<\/em><em>, <\/em><em>contratti<\/em><em>, <\/em><em>transazioni<\/em><em>, <\/em><em>vendita<\/em><em>, <\/em><em>affitto<\/em><em>, <\/em><em>permuta<\/em><em>, <\/em><em>locazione<\/em><em>, <\/em><em>contratto<\/em> <em>di<\/em> <em>donazione<\/em><em>, <\/em><em>leasing, prestito, contratto di commissione, contratto in conto vendita, contratto di spedizione, contratto di trasporto, contratto di rappresentanza commerciale, distribuzione, controversie commerciali, giudizio<\/em><em>.<\/em><\/p>\n","protected":false},"excerpt":{"rendered":"<p>I nostri servizi: consulenza per apertura e sviluppo di affari in Bulgaria con individuazione della forma giuridica pi\u00f9 appropriata; consulenza per l\u2019ordinamento giuridico in Bulgaria in materia di investimenti stranieri; costituzione di ogni tipo di societ\u00e0 commerciale di diritto bulgaro, con partecipazione bulgara e straniera (societ\u00e0 a responsabilit\u00e0 limitata, societ\u00e0 per azioni, ecc.); consulenza per [&hellip;]<\/p>\n","protected":false},"author":1,"featured_media":0,"parent":0,"menu_order":0,"comment_status":"closed","ping_status":"open","template":"","meta":{"_et_pb_use_builder":"","_et_pb_old_content":"","_et_gb_content_width":"","footnotes":""},"class_list":["post-25","page","type-page","status-publish","hentry"],"_links":{"self":[{"href":"http:\/\/studiolegale.bg\/index.php?rest_route=\/wp\/v2\/pages\/25","targetHints":{"allow":["GET"]}}],"collection":[{"href":"http:\/\/studiolegale.bg\/index.php?rest_route=\/wp\/v2\/pages"}],"about":[{"href":"http:\/\/studiolegale.bg\/index.php?rest_route=\/wp\/v2\/types\/page"}],"author":[{"embeddable":true,"href":"http:\/\/studiolegale.bg\/index.php?rest_route=\/wp\/v2\/users\/1"}],"replies":[{"embeddable":true,"href":"http:\/\/studiolegale.bg\/index.php?rest_route=%2Fwp%2Fv2%2Fcomments&post=25"}],"version-history":[{"count":1,"href":"http:\/\/studiolegale.bg\/index.php?rest_route=\/wp\/v2\/pages\/25\/revisions"}],"predecessor-version":[{"id":26,"href":"http:\/\/studiolegale.bg\/index.php?rest_route=\/wp\/v2\/pages\/25\/revisions\/26"}],"wp:attachment":[{"href":"http:\/\/studiolegale.bg\/index.php?rest_route=%2Fwp%2Fv2%2Fmedia&parent=25"}],"curies":[{"name":"wp","href":"https:\/\/api.w.org\/{rel}","templated":true}]}}